 divided by n(-7)?
3
Suppose -3*h + 3*w = -244 - 194, -4*h + 544 = 4*w. Calculate the remainder when h is divided by 13.
11
Let c(d) = -30*d - 154. What is the remainder when c(-6) is divided by 9?
8
Let v(q) = -2*q**3 + 19*q**2 + 39*q - 35. Calculate the remainder when v(11) is divided by 15.
1
Let k(d) = -47*d - 390. What is the remainder when 121 is divided by k(-9)?
22
Suppose -2*d + b = 179 - 506, 3*d - 510 = -5*b. What is the remainder when d is divided by 4805/217 + 20 - 1/7?
39
Calculate the remainder when 31 is divided by (-15)/(-1) + -1 + -5.
4
Suppose x + 5*n = 25, 10 = -3*x + 4*n + 47. Let l(k) = -k**3 + 7*k**2 - 13*k + 12. Calculate the remainder when x is divided by l(3).
6
Let y = 59 + 0. Let a = 57 + -41. Calculate the remainder when y is divided by a.
11
Suppose -83 + 81 = -v. Suppose -x = 4*k - 13, 3*k = v*x - 3*x + 13. Calculate the remainder when (-10)/35 + 508/14 is divided by x.
10
Let s be (-4)/16 + 31/(-4). What is the remainder when (-1)/2*s/4*62 is divided by 13?
10
Let k be -2*(-7)/28*(87 - 1). Suppose 0 = -u + k + 26. Calculate the remainder when u is divided by 18.
15
Let m be ((-42)/8)/(12/(-32)). Suppose f = -p + m, 3*p + f - 42 = -0*f. Let h(l) = 4*l**2 - l. What is the remainder when h(-3) is divided by p?
11
Let t = 42 - 25. Suppose -3*l - 248 = -4*z - l, -310 = -5*z - 2*l. What is the remainder when z is divided by t?
11
Let t be -1 + -1 + (-5)/(-1). Suppose t*x - 64 = -4*d, 3*d - 3*x - 48 = -6*x. Calculate the remainder when d is divided by 2.
0
Let z(t) = 2*t + 225. Let b be z(0). Let y = b + -138. Calculate the remainder when y is divided by 22.
21
Suppose 4*m = -4*b + 28, 5 = m - 3*b + 18. Suppose 5 = -3*v + 44. What is the remainder when v is divided by m?
1
Calculate the remainder when (-119)/(-2) - (-2 + 30/20) is divided by 9.
6
Let h(a) = a + 23. Let t be h(-16). Calculate the remainder when 39 is divided by (-1)/t + 594/42.
11
Suppose t = 4*t - 240. What is the remainder when t is divided by ((-8)/(-22))/(-2) + 77822/3674?
17
Let n = -699 - -742. What is the remainder when n is divided by 26?
17
Suppose 0 = o - 5*o + 36. Suppose -70 = -d - 5*h + 4, -2*h - 53 = -d. Suppose -2*s + d = -7. What is the remainder when s is divided by o?
6
Let c(w) = 14*w - 2. Let k = -1860 + 1866. What is the remainder when c(6) is divided by k?
4
Suppose h + 2*d = 3*d - 2, -2*d = 5*h - 25. Let l be (8 + -10)/(4/26). What is the remainder when 23 is divided by h*l*(-4)/12?
10
Suppose -375 = -5*l - 5*q, 428 = 5*l - 2*q + 25. What is the remainder when l is divided by 23?
10
Let f(i) = i**2 - 17*i - 9. What is the remainder when f(-5) is divided by 9?
2
Suppose -2 = 10*k - 12*k. Suppose -4*m + k = -59. Calculate the remainder when 59 is divided by m.
14
Let u be (-1)/2*-6 + 0. Let f(x) = 3*x**3 - 2*x**2 + 4*x - 3. Let c be f(u). What is the remainder when 5 is divided by c/16 + 1/(-2)?
1
Suppose 579*d + 2 = 580*d. What is the remainder when 16 is divided by d?
0
Let k = 36 + -6. Suppose 0 = d + c - 1 - 3, 0 = d + 4*c - 4. What is the remainder when k is divided by d?
2
Suppose -9*t - 3*w = -5*t - 673, 12 = 4*w. What is the remainder when t is divided by 17?
13
Suppose -3*a + 8*a = 30. Suppose -19*z = -17*z - 18. Calculate the remainder when z is divided by a.
3
Suppose 0 = -5*a - v + 32 + 6, -2*v = 3*a - 27. Calculate the remainder when 61 is divided by a.
5
Suppose 201*x = 209*x - 104. What is the remainder when 73 is divided by x?
8
Suppose 3*z = -3*z + 192. Calculate the remainder when z is divided by 0 - -4 - (-35)/(-5 - -12).
5
Let w be 2/8 + 17/(-4). Let a(h) = -3*h + 46. Let k be a(8). Calculate the remainder when (k/8)/(w/(-32)) is divided by 6.
4
Calculate the remainder when -2 + 48 + 48/(-56)*-7 is divided by 7.
3
Suppose q = c + 8, -3*q + q = -c - 13. Suppose 5*b = -q*z + b + 1073, -z - 3*b = -219. Suppose -5 = 4*n - z. What is the remainder when n is divided by 11?
8
Suppose -2*k - 4*r + 710 = -134, 0 = 2*k - 4*r - 804. Calculate the remainder when k is divided by 69.
67
Let l(j) = -j + 7. Let h be l(5). Let f(z) = 5*z + 4. Let p be f(h). Suppose 0 = 2*w - 8, -p = -2*x - w + 14. What is the remainder when 43 is divided by x?
7
Suppose 2*v + 3*v = 85. Let b = 31 - v. Calculate the remainder when 23 is divided by b.
9
Let a(t) = -43*t**3 + t**2 - t - 2. Suppose -23 = m - 5*n + 3, 0 = 4*m + n - 1. Calculate the remainder when 166 is divided by a(m).
37
Let a be 36/8*2/3. Suppose -4*r + 3*r = -2*k + 71, k + 185 = -a*r. Let v = r - -90. Calculate the remainder when v is divided by 7.
6
Let i = -95 - -125. Calculate the remainder when 57 is divided by i.
27
Let s(y) be the second derivative of y**4/6 + y**3/2 + y**2 - 11*y. Calculate the remainder when 41 is divided by s(-3).
8
Let y be 27/(-18) + (-5)/2 + -97. Let d = -48 - y. Calculate the remainder when d is divided by 29.
24
Suppose 4*z - 13 = 3*n - 4, -5*z + 15 = -5*n. Let h(b) = -3*b**3 + b**2 + 5*b - 4. Calculate the remainder when h(n) is divided by 24.
23
Let b(w) = -3*w + 4. Let o be b(3). Let v = o - -18. Calculate the remainder when 3/9 + (-312)/(-9) is divided by v.
9
Let p(q) = 20*q + 7. What is the remainder when p(2) is divided by 4?
3
Let k(p) = p**2 - 11*p - 30. Let z = 18 - 5. Calculate the remainder when k(16) is divided by z.
11
Suppose 4*x = 7*x - 66. Suppose -x + 9 = -f. What is the remainder when 51 is divided by f?
12
Suppose 0*n - 60 = -3*n. Suppose -m - 4*m + 5*c = -210, 2*m + c = 75. What is the remainder when m is divided by n?
19
Let y = 49 + -23. Suppose -5*x = -401 + y. What is the remainder when x is divided by 11?
9
Let d = 3 + 9. What is the remainder when 65 is divided by d?
5
Let r be (-80)/20 + 11*1. Suppose -r = 2*b - 33. What is the remainder when 64 is divided by b?
12
Let m = -60 - -130. Let w = -16 + 56. What is the remainder when w is divided by 14/m + 69/5?
12
What is the remainder when 107 + (5 - 8) + -5 is divided by 35?
29
Suppose -2*c + 3*z + 4 = 0, 0 = -2*c - 0*c + 2*z + 4. Let i(u) = 10*u**2 + 2*u - 1. What is the remainder when i(c) is divided by 11?
10
Suppose -5*u + 14 = 2*t, -u + 4*t = 3*u. What is the remainder when 12/((-240)/(-35)) - 1/(-4) is divided by u?
0
Suppose a + 3*a = -2*i + 34, 2*a + 2*i - 22 = 0. What is the remainder when 142 is divided by a?
4
Let s = -2539 - -2922. What is the remainder when s is divided by 182?
19
Let h(j) = 19*j + 30. Let t be h(6). Calculate the remainder when 2/18*t/16 is divided by 1.
0
Suppose -51*r = -191 - 625. Calculate the remainder when 64 is divided by r.
0
Suppose 5*u - 87 = 23. Suppose -4*s + 7*s = -2*n + 237, -4*s + 316 = -n. Let t = -39 + s. Calculate the remainder when t is divided by u.
18
Suppose 0*j + 4*d = 4*j + 8, 2*j - 1 = d. Suppose j*o - 44 = k + 4*k, 4*k = 20. What is the remainder when 90 is divided by o?
21
Let c(f) = 3*f**2 - 5*f + 3. Let r be (-7)/(-4) + (3/(-1))/(-12). Suppose -r*u + 14 = -98. Calculate the remainder when u is divided by c(3).
11
Suppose 3*u = -q + 102, 17*u + 4*u - 3*q = 774. Calculate the remainder when u is divided by 7 + (3 - 1)/2.
4
Suppose 3*x = -2*f + 81, 4*x = -3*f + 98 + 23. Suppose 0 = j - l - f, 0 = 2*j - 5*l - 32 - 49. Calculate the remainder when j is divided by 10.
8
Let u(t) = -2*t**2 + 13*t - 5. What is the remainder when 46 is divided by u(5)?
6
Let r(p) = 14*p - 1. Let t = 15 - 9. Calculate the remainder when (-207)/t*2/(-3) is divided by r(1).
10
Suppose 23*t - 213 = 224. Let n = -54 + 147. Calculate the remainder when n is divided by t.
17
Let n = -192 + 289. What is the remainder when n is divided by 81?
16
Let t(a) = 6*a. Let q be t(8). Suppose -q = -c - 5*o - 8, -2*c + 125 = -5*o. Let s = 82 - c. What is the remainder when s is divided by 7?
6
Let k be (1 + -7)*(-8)/24. Suppose 0*a - k*a = -188. Calculate the remainder when a is divided by 19.
18
Suppose 5*i = -4*t + 3*t + 17, -25 = -5*i - 5*t. Suppose -i*h - 25 + 7 = 0. Calculate the remainder when (9*-1)/(h/4) is divided by 2.
0
Suppose 0 = -2*a - h + 68, 33 - 49 = 4*h. Suppose 0 = v - 0*v - 142. What is the remainder when v is divided by a?
34
Suppose 0 = -2*t - 4*y + 24, -15 = -2*t - 3*y + 7. What is the remainder when -6 + 3 + 48 + -10 is divided by t?
3
What is the remainder when 2/5 - (-438)/30 is divided by 43/5 - 4*4/(-40)?
6
Suppose -5*p - 2*a +